late the remainder when 449 is divided by 112.
1
Calculate the remainder when 3165 is divided by 46.
37
Calculate the remainder when 2983 is divided by 199.
197
What is the remainder when 200 is divided by 5?
0
What is the remainder when 510 is divided by 71?
13
Calculate the remainder when 51802 is divided by 5.
2
What is the remainder when 1847 is divided by 22?
21
What is the remainder when 227 is divided by 44?
7
Calculate the remainder when 1868 is divided by 12.
8
What is the remainder when 10236 is divided by 3408?
12
Calculate the remainder when 542 is divided by 32.
30
Calculate the remainder when 11122 is divided by 36.
34
Calculate the remainder when 77 is divided by 16.
13
What is the remainder when 118 is divided by 52?
14
What is the remainder when 1555 is divided by 23?
14
What is the remainder when 531 is divided by 14?
13
Calculate the remainder when 764 is divided by 248.
20
Calculate the remainder when 529 is divided by 64.
17
Calculate the remainder when 307 is divided by 58.
17
What is the remainder when 193 is divided by 25?
18
What is the remainder when 146 is divided by 21?
20
What is the remainder when 230 is divided by 75?
5
What is the remainder when 55 is divided by 3?
1
What is the remainder when 131 is divided by 86?
45
Calculate the remainder when 18325 is divided by 8.
5
Calculate the remainder when 21729 is divided by 41.
40
What is the remainder when 1468 is divided by 164?
156
Calculate the remainder when 1158 is divided by 10.
8
What is the remainder when 746 is divided by 34?
32
What is the remainder when 199 is divided by 56?
31
Calculate the remainder when 372 is divided by 40.
12
Calculate the remainder when 182 is divided by 36.
2
What is the remainder when 543 is divided by 38?
11
Calculate the remainder when 30578 is divided by 53.
50
What is the remainder when 134 is divided by 23?
19
Calculate the remainder when 112 is divided by 73.
39
What is the remainder when 5474 is divided by 26?
14
What is the remainder when 44 is divided by 9?
8
What is the remainder when 75 is divided by 32?
11
Calculate the remainder when 885 is divided by 12.
9
What is the remainder when 244 is divided by 120?
4
Calculate the remainder when 213 is divided by 210.
3
What is the remainder when 986 is divided by 21?
20
Calculate the remainder when 6431 is divided by 99.
95
Calculate the remainder when 344 is divided by 14.
8
What is the remainder when 8169 is divided by 4?
1
Calculate the remainder when 359 is divided by 127.
105
What is the remainder when 1269 is divided by 24?
21
What is the remainder when 1724 is divided by 1688?
36
What is the remainder when 2140 is divided by 303?
19
What is the remainder when 321 is divided by 54?
51
Calculate the remainder when 32 is divided by 3.
2
Calculate the remainder when 148 is divided by 39.
31
Calculate the remainder when 1437 is divided by 60.
57
What is the remainder when 789 is divided by 37?
12
What is the remainder when 237 is divided by 43?
22
What is the remainder when 851 is divided by 88?
59
What is the remainder when 307 is divided by 260?
47
Calculate the remainder when 883 is divided by 58.
13
Calculate the remainder when 3853 is divided by 18.
1
What is the remainder when 1276 is divided by 89?
30
What is the remainder when 144 is divided by 26?
14
What is the remainder when 3824 is divided by 56?
16
What is the remainder when 424 is divided by 250?
174
What is the remainder when 607 is divided by 122?
119
What is the remainder when 1968 is divided by 141?
135
What is the remainder when 397 is divided by 51?
40
Calculate the remainder when 1636 is divided by 78.
76
What is the remainder when 832 is divided by 93?
88
What is the remainder when 393 is divided by 11?
8
Calculate the remainder when 597 is divided by 23.
22
What is the remainder when 2389 is divided by 23?
20
What is the remainder when 65167 is divided by 343?
340
What is the remainder when 178 is divided by 63?
52
Calculate the remainder when 88 is divided by 49.
39
What is the remainder when 3252 is divided by 21?
18
Calculate the remainder when 75 is divided by 39.
36
Calculate the remainder when 173 is divided by 25.
23
Calculate the remainder when 1774 is divided by 74.
72
What is the remainder when 444 is divided by 10?
4
What is the remainder when 92 is divided by 2?
0
Calculate the remainder when 363 is divided by 26.
25
Calculate the remainder when 736 is divided by 14.
8
What is the remainder when 414 is divided by 87?
66
What is the remainder when 157 is divided by 18?
13
What is the remainder when 20 is divided by 16?
4
Calculate the remainder when 1047 is divided by 21.
18
Calculate the remainder when 270 is divided by 16.
14
What is the remainder when 362 is divided by 6?
2
What is the remainder when 1113 is divided by 352?
57
Calculate the remainder when 120 is divided by 35.
15
What is the remainder when 511 is divided by 494?
17
Calculate the remainder when 1172 is divided by 387.
11
Calculate the remainder when 4995 is divided by 42.
39
What is the remainder when 1898 is divided by 35?
8
What is the remainder when 233 is divided by 18?
17
Calculate the remainder when 931 is divided by 7.
0
What is the remainder when 195 is divided by 8?
3
What is the remainder when 327 is divided by 5?
2
What is the remainder when 1609 is divided by 179?
177
What is the remainder when 8482 is divided by 404?
402
What is the remainder when 289 is divided by 110?
69
What is the remainder when 28 is divided by 6?
4
What is the remainder when 1690 is divided by 19?
18
Calculate the remainder when 550 is divided by 4.
2
Calculate the remainder when 842 is divided by 18.
14
Calculate the remainder when 3490 is divided by 28.
18
What is the remainder when 803 is divided by 800?
3
What is the remainder when 26 is divided by 22?
4
Calculate the remainder when 43 is divided by 9.
7
Calculate the remainder when 257 is divided by 78.
23
What is the remainder when 531 is divided by 216?
99
What is the remainder when 568 is divided by 73?
57
Calculate the remainder when 618 is divided by 308.
2
What is the remainder when 553 is divided by 86?
37
What is the remainder when 218 is divided by 51?
14
What is the remainder when 184 is divided by 4?
0
What is the remainder when 11 is divided by 2?
1
Calculate the remainder when 163 is divided by 4.
3
What is the remainder when 21 is divided by 10?
1
Calculate the remainder when 6 is divided by 4.
2
What is the remainder when 395 is divided by 50?
45
Calculate the remainder when 1931 is divided by 85.
61
What is the remainder when 207 is divided by 16?
15
Calculate the remainder when 730 is divided by 123.
115
What is the remainder when 328 is divided by 47?
46
Calculate the remainder when 240 is divided by 69.
33
What is the remainder when 29197 is divided by 26?
25
What is the remainder when 1430 is divided by 287?
282
What is the remainder when 196 is divided by 11?
9
Calculate the remainder when 127 is divided by 16.
15
Calculate the remainder when 21249 is divided by 66.
63
Calculate the remainder when 38 is divided by 33.
5
What is the remainder when 3373 is divided by 34?
7
What is the remainder when 1037 is divided by 13?
10
What is the remainder when 350 is divided by 71?
66
What is the remainder when 5683 is divided by 37?
22
What is the remainder when 107 is divided by 42?
23
Calculate the remainder when 2009 is divided by 33.
29
What is the remainder when 123 is divided by 68?
55
Calculate the remainder when 14 is divided by 2.
0
What is the remainder when 1567 is divided by 258?
19
Calculate the remainder when 97 is divided by 24.
1
What is the remainder when 10800 is divided by 13?
10
What is the remainder when 122 is divided by 63?
59
What is the remainder when 102 is divided by 19?
7
What is the remainder when 885 is divided by 180?
165
Calculate the remainder when 6 is divided by 6.
0
What is the remainder when 808 is divided by 15?
13
What is the remainder when 985 is divided by 91?
75
What is the remainder when 120 is divided by 20?
0
What is the remainder when 2830 is divided by 26?
22
Calculate the remainder when 881 is divided by 422.
37
What is the remainder when 770 is divided by 764?
6
Calculate the remainder when 223 is divided by 112.
111
